t is the units digit of 91070?
0
What is the hundreds digit of 1018?
0
What is the hundreds digit of 286?
2
What is the hundreds digit of 719?
7
What is the units digit of 10623?
3
What is the tens digit of 7048?
4
What is the tens digit of 312?
1
What is the hundreds digit of 76693?
6
What is the hundred thousands digit of 125690?
1
What is the units digit of 35705?
5
What is the units digit of 242?
2
What is the thousands digit of 109756?
9
What is the tens digit of 44464?
6
What is the tens digit of 81585?
8
What is the hundreds digit of 3502?
5
What is the units digit of 674?
4
What is the hundreds digit of 1913?
9
What is the ten thousands digit of 26822?
2
What is the tens digit of 85816?
1
What is the tens digit of 1466?
6
What is the thousands digit of 1846?
1
What is the units digit of 266?
6
What is the tens digit of 4441?
4
What is the units digit of 22537?
7
What is the ten thousands digit of 12359?
1
What is the thousands digit of 1041?
1
What is the hundreds digit of 2335?
3
What is the ten thousands digit of 12791?
1
What is the thousands digit of 4146?
4
What is the hundreds digit of 2741?
7
What is the tens digit of 1056?
5
What is the tens digit of 413?
1
What is the units digit of 21200?
0
What is the tens digit of 109416?
1
What is the thousands digit of 27912?
7
What is the units digit of 4987?
7
What is the thousands digit of 103608?
3
What is the thousands digit of 4716?
4
What is the tens digit of 800?
0
What is the hundreds digit of 2459?
4
What is the tens digit of 47292?
9
What is the units digit of 26335?
5
What is the hundreds digit of 3751?
7
What is the ten thousands digit of 73645?
7
What is the hundreds digit of 14086?
0
What is the units digit of 111570?
0
What is the thousands digit of 25188?
5
What is the tens digit of 7709?
0
What is the hundreds digit of 28344?
3
What is the hundreds digit of 15621?
6
What is the thousands digit of 19977?
9
What is the units digit of 921?
1
What is the hundreds digit of 821?
8
What is the ten thousands digit of 10620?
1
What is the units digit of 20392?
2
What is the units digit of 45614?
4
What is the tens digit of 71106?
0
What is the hundreds digit of 4145?
1
What is the units digit of 5756?
6
What is the tens digit of 10962?
6
What is the tens digit of 2094?
9
What is the tens digit of 327?
2
What is the thousands digit of 122419?
2
What is the tens digit of 227?
2
What is the tens digit of 179?
7
What is the hundreds digit of 3236?
2
What is the units digit of 819?
9
What is the thousands digit of 1565?
1
What is the units digit of 1038?
8
What is the thousands digit of 6861?
6
What is the units digit of 630?
0
What is the tens digit of 6866?
6
What is the hundreds digit of 690?
6
What is the thousands digit of 3785?
3
What is the tens digit of 464?
6
What is the thousands digit of 2716?
2
What is the thousands digit of 5068?
5
What is the hundreds digit of 23187?
1
What is the hundreds digit of 17827?
8
What is the tens digit of 1861?
6
What is the hundreds digit of 16311?
3
What is the tens digit of 170168?
6
What is the tens digit of 1928?
2
What is the tens digit of 589?
8
What is the thousands digit of 65790?
5
What is the tens digit of 8362?
6
What is the tens digit of 376?
7
What is the hundreds digit of 727?
7
What is the tens digit of 44030?
3
What is the thousands digit of 2529?
2
What is the tens digit of 3993?
9
What is the hundreds digit of 8407?
4
What is the units digit of 15458?
8
What is the hundreds digit of 54807?
8
What is the thousands digit of 9543?
9
What is the thousands digit of 1100?
1
What is the ten thousands digit of 77891?
7
What is the thousands digit of 5182?
5
What is the ten thousands digit of 17214?
1
What is the thousands digit of 4806?
4
What is the hundreds digit of 41995?
9
What is the hundreds digit of 28656?
6
What is the hundreds digit of 5622?
6
What is the hundreds digit of 8826?
8
What is the units digit of 1674?
4
What is the hundreds digit of 366?
3
What is the tens digit of 5649?
4
What is the tens digit of 2455?
5
What is the units digit of 18880?
0
What is the units digit of 4027?
7
What is the hundreds digit of 1108?
1
What is the tens digit of 12316?
1
What is the thousands digit of 1630?
1
What is the thousands digit of 8506?
8
What is the units digit of 17578?
8
What is the thousands digit of 1888?
1
What is the units digit of 9527?
7
What is the units digit of 1337?
7
What is the tens digit of 23533?
3
What is the hundreds digit of 1488?
4
What is the units digit of 1202?
2
What is the hundreds digit of 2600?
6
What is the thousands digit of 1207?
1
What is the tens digit of 5753?
5
What is the hundreds digit of 493?
4
What is the tens digit of 10734?
3
What is the tens digit of 1870?
7
What is the units digit of 205?
5
What is the units digit of 1926?
6
What is the thousands digit of 45324?
5
What is the ten thousands digit of 41616?
4
What is the thousands digit of 128688?
8
What is the units digit of 825?
5
What is the thousands digit of 1824?
1
What is the tens digit of 992?
9
What is the hundreds digit of 604?
6
What is the ten thousands digit of 10886?
1
What is the ten thousands digit of 59771?
5
What is the hundreds digit of 3127?
1
What is the ten thousands digit of 13925?
1
What is the tens digit of 849?
4
What is the tens digit of 1666?
6
What is the tens digit of 65490?
9
What is the tens digit of 16170?
7
What is the hundreds digit of 6398?
3
What is the ten thousands digit of 106957?
0
What is the tens digit of 499?
9
What is the units digit of 6005?
5
What is the tens digit of 933?
3
What is the tens digit of 4596?
9
What is the hundreds digit of 1293?
2
What is the hundreds digit of 83618?
6
What is the tens digit of 861?
6
What is the tens digit of 34743?
4
What is the ten thousands digit of 20354?
2
What is the hundreds digit of 1654?
6
What is the units digit of 1168?
8
What is the thousands digit of 12171?
2
What is the units digit of 1247?
7
What is the thousands digit of 8366?
8
What is the units digit of 191?
1
What is the tens digit of 297?
9
What is the thousands digit of 1075?
1
What is the tens digit of 975?
7
What is the tens digit of 14206?
0
What is the ten thousands digit of 60636?
6
What is the tens digit of 811?
1
What is the thousands digit of 1677?
1
What is the tens digit of 26?
2
What is the hundreds digit of 56200?
2
What is the hundreds digit of 1088?
0
What is the tens digit of 1610?
1
What is the tens digit of 3135?
3
What is the thousands digit of 1500?
1
What is the units digit of 22057?
7
What is the tens digit of 66536?
3
What is the units digit of 1340?
0
What is the tens digit of 67063?
6
What is the hundreds digit of 61064?
0
What is the units digit of 2813?
3
What is the hundreds digit of 67156?
1
What is the hundreds digit of 677?
6
What is the hundreds digit of 1710?
7
What is the ten thousands digit of 10341?
1
What is the units digit of 721?
1
What is the tens digit of 6890?
9
What is the thousands digit of 4135?
4
What is the units digit of 557?
7
What is the units digit of 4174?
4
What is the units digit of 65985?
5
What is the units digit of 4226?
6
What is the hundreds digit of 789?
7
What is the hundreds digit of 2304?
3
What is the tens digit of 12800?
0
What is the thousands digit of 9475?
9
What is the units digit of 50695?
5
What is the thousands digit of 5774?
5
What is the tens digit of 97664?
6
What is the ten thousands digit of 16794?
1
What is the hundreds digit of 888?
8
What is the hundreds digit of 1957?
9
What is the units digit of 713?
3
What is the ten thousands digit of 21706?
2
What is the tens digit of 75457?
5
What is the hundreds digit of 5823?
8
What is the hundreds digit of 1133?
1
What is the units digit of 1763?
3
What is the tens digit of 4707?
0
What is the hundreds digit of 1036?
0
What is the tens digit of 937?
3
What is the hundreds digit of 21690?
6
What is the hundreds digit of 544?
5
What is the units digit of 481?
1
What is the hundreds digit of 522?
5
What is the tens digit of 47431?
3
What is the tens digit of 9725?
2
What is the thousands digit of 1334?
1
What is the units digit of 14173?
3
What is the units digit of 1674?
4
What is the thousands digit of 1955?
1
What is the tens digit of 3071?
7
What is the ten thou